{"id":62,"date":"2025-07-19T14:11:44","date_gmt":"2025-07-19T12:11:44","guid":{"rendered":"https:\/\/focihirek.hu\/autok\/?page_id=62"},"modified":"2025-07-19T14:11:44","modified_gmt":"2025-07-19T12:11:44","slug":"impresszum","status":"publish","type":"page","link":"https:\/\/focihirek.hu\/autok\/impresszum\/","title":{"rendered":"Impresszum"},"content":{"rendered":"<p><strong>A TARTALOM HASZN\u00c1LAT\u00c1RA VONATKOZ\u00d3 FELT\u00c9TELEK \u00c9S KIK\u00d6T\u00c9SEK<\/strong><br \/>\n<strong>A Honlap teljes tartalmat szerz\u0151i jog, nemzetk\u00f6zi egyezm\u00e9nyek \u00e9s minden vonatkoz\u00f3 nemzeti jogszab\u00e1ly v\u00e9di. A Honlap tartalma a https:\/\/focihirek.hu\/autok, vagy az \u00fczemeltet\u0151 t\u00e1rsas\u00e1g r\u00e9sz\u00e9re a tartalom haszn\u00e1lat\u00e1ra jogot ad\u00f3 m\u00e1s jogalanyok szellemi tulajdon\u00e1t k\u00e9pezi.<\/strong><\/p>\n<p><strong>A felhaszn\u00e1l\u00f3 jogosult a Honlapot olvasni, arr\u00f3l nyomtat\u00e1ssal, adathordoz\u00f3ra t\u00f6rt\u00e9n\u0151 let\u00f6lt\u00e9ssel m\u00e1solatot k\u00e9sz\u00edteni kiz\u00e1r\u00f3lag szem\u00e9lyes jelleg\u0171, mag\u00e1n \u00e9s nem kereskedelmi c\u00e9lra.<\/strong><\/p>\n<p><strong>A https:\/\/hiregyben.online\/ oldalai teljes eg\u00e9sz\u00e9ben, a rekl\u00e1mokkal, hirdet\u00e9sekkel egy\u00fctt szerz\u0151i jogv\u00e9delem alatt \u00e1llnak, azokb\u00f3l b\u00e1rmely r\u00e9szt kiv\u00e1gni, a megcsonk\u00edtott r\u00e9szt pedig nyilv\u00e1noss\u00e1ghoz b\u00e1rmely m\u00f3don \u00fajrak\u00f6zvet\u00edteni tilos. Tilos tov\u00e1bb\u00e1 a kiad\u00f3 el\u0151zetes \u00edr\u00e1sbeli enged\u00e9lye n\u00e9lk\u00fcl a lap tartalm\u00e1t t\u00fckr\u00f6zni, azaz technikai m\u0171velet seg\u00edts\u00e9g\u00e9vel nyilv\u00e1noss\u00e1ghoz \u00fajrak\u00f6zvet\u00edteni, m\u00e9g v\u00e1ltozatlan form\u00e1ban is.<\/strong><\/p>\n<p><strong>A jogosulatlan felhaszn\u00e1l\u00e1s b\u00fcntet\u0151- \u00e9s polg\u00e1ri jogi k\u00f6vetkezm\u00e9nyeket von maga ut\u00e1n. A https:\/\/hiregyben.online\/ weboldalt \u00fczemeltet\u0151 k\u00f6vetelheti a jogs\u00e9rt\u00e9s abbahagy\u00e1s\u00e1t \u00e9s k\u00e1r\u00e1nak megt\u00e9r\u00edt\u00e9s\u00e9t.<\/strong><\/p>\n<p><strong>Felel\u0151ss\u00e9g kiz\u00e1r\u00e1s<\/strong><br \/>\n<strong>Az oldalon megjelent hirdet\u00e9sek tartalm\u00e1\u00e9rt a \u00dczemeltet\u0151 nem v\u00e1llal felel\u0151ss\u00e9get. Az elhelyezett hirdet\u00e9sek nem t\u00fckr\u00f6zik a \u00dczemeltet\u0151 v\u00e9lem\u00e9ny\u00e9t.<\/strong><\/p>\n<p><strong>A Weboldalak tartalma kiz\u00e1r\u00f3lag t\u00e1j\u00e9koztat\u00f3 jelleg\u0171. A tartalom pontoss\u00e1g\u00e1nak, teljess\u00e9g\u00e9nek esetleges hi\u00e1ny\u00e1b\u00f3l ered\u0151 k\u00f6zvetlen vagy k\u00f6zvetett k\u00e1rok\u00e9rt a \u00dczemeltet\u0151 nem v\u00e1llal felel\u0151ss\u00e9get.<\/strong><\/p>\n<p><strong>Az \u00e1tvett tartalmak hiteless\u00e9g\u00e9rt, igazs\u00e1gtartalm\u00e1\u00e9rt a szerkeszt\u0151s\u00e9g nem v\u00e1llal felel\u0151ss\u00e9get.<\/strong><\/p>\n<p><strong>A Weboldal harmadik szem\u00e9lyek \u00e1ltal \u00fczemeltetett weboldalakra mutat\u00f3 linkeket is tartalmaz. Amennyiben a \u00dczemeltet\u0151 tudom\u00e1st szerez arr\u00f3l, hogy az \u00e1ltala linkelt oldal vagy a linkel\u00e9s m\u00e1s szem\u00e9lyek jogait vagy a hat\u00e1lyos jogszab\u00e1lyokat s\u00e9rti, a linket halad\u00e9ktalanul elt\u00e1vol\u00edtja a Weboldalr\u00f3l. Ezen fel\u00fcl a \u00dczemeltet\u0151 az \u00e1ltala haszn\u00e1lt linkek illetve az \u00e1ltaluk leh\u00edvhat\u00f3 weboldalak tartalm\u00e1\u00e9rt semmilyen felel\u0151ss\u00e9get v\u00e1llal.<\/strong><\/p>\n<p><strong>A v\u00e9djeggyel ell\u00e1tott: \u201efocihirek.hu \u00a9 Minden jog fenntartva\u201d vagy \u201efocihirek.hu \u00a9 Minden jog fenntartva\u201d vagy \u201efocihirek.hu \u00a9 Minden jog fenntartva\u201d cikkeink m\u00e1sodk\u00f6zl\u00e9se<\/strong><br \/>\n<strong>M\u00e1sodk\u00f6zl\u00e9s \u00edr\u00e1sbeli enged\u00e9ly\u00e9vel \u00e9s k\u00fcl\u00f6n d\u00edjaz\u00e1s ellen\u00e9ben lehets\u00e9ges.<\/strong><\/p>\n","protected":false},"excerpt":{"rendered":"<p>A TARTALOM HASZN\u00c1LAT\u00c1RA VONATKOZ\u00d3 FELT\u00c9TELEK \u00c9S KIK\u00d6T\u00c9SEK A Honlap teljes tartalmat szerz\u0151i jog, nemzetk\u00f6zi egyezm\u00e9nyek \u00e9s minden vonatkoz\u00f3 nemzeti jogszab\u00e1ly&#8230; <span class=\"gridview-grid-post-read-more\"><a href=\"https:\/\/focihirek.hu\/autok\/impresszum\/\">read more<span class=\"gridview-sr-only\"> Impresszum<\/span><\/a><\/span><\/p>\n","protected":false},"author":1,"featured_media":0,"parent":0,"menu_order":0,"comment_status":"closed","ping_status":"closed","template":"","meta":{"footnotes":""},"class_list":["post-62","page","type-page","status-publish","hentry"],"_links":{"self":[{"href":"https:\/\/focihirek.hu\/autok\/wp-json\/wp\/v2\/pages\/62","targetHints":{"allow":["GET"]}}],"collection":[{"href":"https:\/\/focihirek.hu\/autok\/wp-json\/wp\/v2\/pages"}],"about":[{"href":"https:\/\/focihirek.hu\/autok\/wp-json\/wp\/v2\/types\/page"}],"author":[{"embeddable":true,"href":"https:\/\/focihirek.hu\/autok\/wp-json\/wp\/v2\/users\/1"}],"replies":[{"embeddable":true,"href":"https:\/\/focihirek.hu\/autok\/wp-json\/wp\/v2\/comments?post=62"}],"version-history":[{"count":1,"href":"https:\/\/focihirek.hu\/autok\/wp-json\/wp\/v2\/pages\/62\/revisions"}],"predecessor-version":[{"id":63,"href":"https:\/\/focihirek.hu\/autok\/wp-json\/wp\/v2\/pages\/62\/revisions\/63"}],"wp:attachment":[{"href":"https:\/\/focihirek.hu\/autok\/wp-json\/wp\/v2\/media?parent=62"}],"curies":[{"name":"wp","href":"https:\/\/api.w.org\/{rel}","templated":true}]}}