{"id":3,"date":"2025-07-17T14:08:20","date_gmt":"2025-07-17T12:08:20","guid":{"rendered":"https:\/\/focihirek.hu\/autok\/?page_id=3"},"modified":"2025-07-19T14:10:13","modified_gmt":"2025-07-19T12:10:13","slug":"adatkezelesi-tajekoztato","status":"publish","type":"page","link":"https:\/\/focihirek.hu\/autok\/adatkezelesi-tajekoztato\/","title":{"rendered":"Adatkezel\u00e9si t\u00e1j\u00e9koztat\u00f3"},"content":{"rendered":"<p><strong>A szolg\u00e1ltat\u00e1s<\/strong><br \/><strong>A szolg\u00e1ltat\u00e1s jelenti https:\/\/focihirek.hu\/autok (a tov\u00e1bbiakban Honlap) alatt el\u00e9rhet\u0151 k\u00f6z\u00f6ss\u00e9gi keretrendszert bele\u00e9rtve annak \u00f6sszes szolg\u00e1ltat\u00e1s\u00e1t \u00e9s funkci\u00f3j\u00e1t, tov\u00e1bb\u00e1 a Honlapon t\u00f6rt\u00e9n\u0151 megjelen\u00edt\u00e9sre k\u00e9pes eszk\u00f6z\u00f6k pl.: \u201eMegoszt\u00e1s \u201d gomb, ig\u00e9nybe v\u00e9tel\u00e9t.<\/strong><br \/><strong>A szolg\u00e1ltat\u00e1st az focihirek blog ny\u00fajtja, mellyel kapcsolatban \u00f6n meg\u00e9rtette \u00e9s elfogadja az al\u00e1bbiakat:<\/strong><br \/><strong>amennyiben regisztr\u00e1lja mag\u00e1t a rendszeren, meg kell adnia egy \u00e9rv\u00e9nyes e-mail c\u00edmet<\/strong><br \/><strong>a jelsz\u00f3t a megadott e-mail c\u00edmre k\u00fcldj\u00fck ,a jelsz\u00f3 titokban tart\u00e1s\u00e1\u00e9rt \u00f6n felel<\/strong><br \/><strong>az focihirek blog halad\u00e9ktalanul \u00e9rtes\u00edti a felhaszn\u00e1l\u00f3i azonos\u00edt\u00f3val t\u00f6rt\u00e9n\u0151 minden jogosulatlan haszn\u00e1latr\u00f3l<\/strong><br \/><strong>az \u00d6n szerz\u0151d\u00e9sk\u00f6t\u00e9si k\u00e9pess\u00e9ge nem korl\u00e1tozott<\/strong><br \/><strong>hozz\u00e1j\u00e1rul ahhoz, hogy az focihirek blog k\u00e9r\u00e9se alapj\u00e1n bizonyos, korl\u00e1tozott inform\u00e1ci\u00f3t ny\u00fajt mag\u00e1r\u00f3l (amely inform\u00e1ci\u00f3nak id\u0151szer\u0171nek, teljesnek \u00e9s a val\u00f3s\u00e1gnak megfelel\u0151nek kell lennie)<\/strong><\/p>\n<p><strong>ezt az inform\u00e1ci\u00f3t fenntartja \u00e9s friss\u00edti annak \u00e9rdek\u00e9ben, hogy id\u0151szer\u0171, teljes \u00e9s a val\u00f3s\u00e1gnak megfelel\u0151 legyen.<\/strong><br \/><strong>Az focihirek blog fenntartja mag\u00e1nak a jogot, hogy minden tov\u00e1bbi \u00e9rtes\u00edt\u00e9s n\u00e9lk\u00fcl t\u00f6r\u00f6lje azon felhaszn\u00e1l\u00f3kat, akik b\u00e1rmely m\u00e1s szem\u00e9ly nev\u00e9vel, k\u00e9pm\u00e1s\u00e1val, e-mail c\u00edm\u00e9vel vagy m\u00e1s szem\u00e9lyes inform\u00e1ci\u00f3j\u00e1val vissza\u00e9lnek, k\u00fcl\u00f6n\u00f6sen, ha a felhaszn\u00e1l\u00f3 \u00e1ltal az focihirek blog -szolg\u00e1ltat\u00e1son kereszt\u00fcl megjelen\u00edtett tartalom:<\/strong><br \/><strong>v\u00e9djegyet s\u00e9rt,<\/strong><br \/><strong>mai vagy t\u00f6rt\u00e9nelmi \u2013 magyar vagy k\u00fclf\u00f6ldi \u2013 k\u00f6zszerepl\u0151, k\u00f6zismert ember neve, kiv\u00e9ve, ha ez a felhaszn\u00e1l\u00f3 anyak\u00f6nyvezett neve.<\/strong><br \/><strong>m\u00e1s szem\u00e9ly jogos \u00e9s m\u00e9lt\u00e1nyolhat\u00f3 \u00e9rdekeit s\u00e9rt\u0151 n\u00e9v,<\/strong><br \/><strong>obszc\u00e9n vagy tr\u00e1g\u00e1r kifejez\u00e9s,<\/strong><br \/><strong>rasszista, m\u00e1sok vall\u00e1s\u00e1t, nemzeti, nemzetis\u00e9gi, sze\/u\u00e1lis vagy politikai \u00e9s vil\u00e1gn\u00e9zeti hovatartoz\u00e1s\u00e1t gyal\u00e1z\u00f3, s\u00e9rt\u0151 kifejez\u00e9s \u00e9s magatart\u00e1s,<\/strong><br \/><strong>burkolt vagy ny\u00edlt rekl\u00e1mhordoz\u00f3nak tekinthet\u0151.<\/strong><\/p>\n<p><strong>Jelen szolg\u00e1ltat\u00e1st csak term\u00e9szetes mag\u00e1nszem\u00e9lyek vehetik ig\u00e9nybe. A nem term\u00e9szetes mag\u00e1nszem\u00e9lyek megjelen\u00edt\u00e9s\u00e9re l\u00e9trehozott adatlapokat (pl.: k\u00f6z\u00f6ss\u00e9gi, \u00fczleti, t\u00e1rsadalmi c\u00e9l\u00fa regisztr\u00e1ci\u00f3) az focihirek blog t\u00f6r\u00f6lheti rendszer\u00e9b\u0151l, amennyiben az ilyen tartalm\u00fa adatlapokat nem a klubrendszer szolg\u00e1ltat\u00e1s keretein bel\u00fcl hozz\u00e1k l\u00e9tre.<\/strong><br \/><strong>14 \u00e9ven aluli term\u00e9szetes mag\u00e1n szem\u00e9lyek a szolg\u00e1ltat\u00e1st csak sz\u00fcl\u0151i enged\u00e9llyel vehetik ig\u00e9nybe.<\/strong><br \/><strong>Amennyiben az \u00d6n neve vagy egy\u00e9b szem\u00e9lyes azonos\u00edt\u00e1sra alkalmas adata f\u00e9lrevezet\u0151, az focihirek blog fenntartja a jogot, hogy a felhaszn\u00e1l\u00f3 kil\u00e9t\u00e9t tov\u00e1bbi, a felhaszn\u00e1l\u00f3ra vonatkoz\u00f3 adat, ak\u00e1r a szem\u00e9lyi azonos\u00edt\u00e1sra alkalmas f\u00e9nyk\u00e9pes dokumentum bek\u00e9r\u00e9s\u00e9vel ellen\u0151rizze, a f\u00e9lrevezet\u0151 azonos\u00edt\u00f3k haszn\u00e1lata elker\u00fcl\u00e9se \u00e9rdek\u00e9ben. \u00d6n meg\u00e9rtette \u00e9s hozz\u00e1j\u00e1rul ahhoz, hogy az ellen\u0151rz\u0151 e-mailt 24 \u00f3r\u00e1n bel\u00fcl megv\u00e1laszolja, ellenkez\u0151 esetben a felhaszn\u00e1l\u00f3i st\u00e1tusa t\u00f6rl\u00e9sre ker\u00fclhet. Amint az focihirek blog t\u00e9nyleges tudom\u00e1st szerez a v\u00e9lelmezett f\u00e9lrevezet\u0151 azonos\u00edt\u00f3 haszn\u00e1lat\u00e1r\u00f3l, az focihirek blog jogosult a felhaszn\u00e1l\u00f3k hozz\u00e1f\u00e9r\u00e9s\u00e9t az ellen\u0151rz\u00e9si folyamat lez\u00e1r\u00e1s\u00e1ig korl\u00e1tozni.<\/strong><br \/><strong>Az focihirek blog nem tartozik felel\u0151ss\u00e9ggel ezen k\u00f6telezetts\u00e9g nem teljes\u00edt\u00e9s\u00e9vel okozott hi\u00e1ny\u00e9rt vagy k\u00e1rok\u00e9rt. <\/strong><\/p>\n<p><strong>Ezt meghalad\u00f3an \u00d6n meg\u00e9rtette \u00e9s hozz\u00e1j\u00e1rul ahhoz, hogy valamennyi felhaszn\u00e1l\u00f3 adatait, bele\u00e9rtve az \u00d6n\u00e9it is, az focihirek blog \u00f6sszegy\u0171jtse, felhalmozza \u00e9s n\u00e9vtelen\u00fcl az focihirek blog -rendszer\u00e9be integr\u00e1lja valamint az \u00edgy az \u00f6nt\u0151l \u00e9s m\u00e1s felhaszn\u00e1l\u00f3kt\u00f3l \u00f6sszegy\u0171jt\u00f6tt adatokat anonim statisztikai \u00e9s analitikus bejelent\u00e9si c\u00e9lokra felhaszn\u00e1lja. Meg\u00e9rtette \u00e9s hozz\u00e1j\u00e1rul ahhoz, hogy ett\u0151l elt\u00e9r\u0151 rendelkez\u00e9s hi\u00e1ny\u00e1ban az focihirek blog semmilyen m\u00f3don nem kontroll\u00e1lja, ellen\u0151rzi vagy nem hagyja j\u00f3v\u00e1 az inform\u00e1ci\u00f3t az focihirek blog -on. Az focihirek blog keretrendszer\u00e9n bel\u00fcl az egyes funkci\u00f3k \u00e9s szolg\u00e1ltat\u00e1sok k\u00fcl\u00f6nb\u00f6z\u0151 adatkezel\u00e9s szab\u00e1lyokat alkalmazhatnak, mely adott szolg\u00e1ltat\u00e1s illetve funkci\u00f3 ig\u00e9nybev\u00e9telekor a felhaszn\u00e1l\u00f3t t\u00e1j\u00e9koztatja\/hozz\u00e1j\u00e1rul\u00e1s\u00e1t k\u00e9ri.<\/strong><br \/><strong>Az focihirek blog fenntartja mag\u00e1nak a jogot, hogy a szolg\u00e1ltat\u00e1st b\u00e1rmely felhaszn\u00e1l\u00f3 fel\u00e9 megtagadja.<\/strong><\/p>\n<p><strong>Felhaszn\u00e1l\u00f3i magatart\u00e1s<\/strong><\/p>\n<p><strong>\u00d6n beleegyezik abba, hogy felel\u0151ss\u00e9gteljes magatart\u00e1st tan\u00fas\u00edt, \u00e9s m\u00e1s felhaszn\u00e1l\u00f3kkal \u00e9s tagokkal szemben tiszteletteljesen viselkedik.<\/strong><br \/><strong>Ezen felt\u00e9telek elfogad\u00e1s\u00e1val beleegyezik abba, hogy a szolg\u00e1ltat\u00e1st nem haszn\u00e1lja m\u00e1s tagok zaklat\u00e1s\u00e1ra, r\u00e1galmaz\u00e1sra, becs\u00fclets\u00e9rt\u00e9sre, az emberi m\u00e9lt\u00f3s\u00e1g \u00e9s az egyenl\u0151s\u00e9g alkotm\u00e1nyos elv\u00e9nek megs\u00e9rt\u00e9s\u00e9re vagy m\u00e1s m\u00f3don m\u00e1s felhaszn\u00e1l\u00f3k szem\u00e9lyis\u00e9gi \u00e9s egy\u00e9b jogainak megs\u00e9rt\u00e9s\u00e9re. Az focihirek blog fenntartja a jogot, hogy t\u00f6r\u00f6lje vagy korl\u00e1tozza azokat a felhaszn\u00e1l\u00f3kat, illetve felf\u00fcggessze azokat a funkci\u00f3kat, akik vagy amelyek haszn\u00e1lat\u00e1val m\u00e1s egy\u00e9neket zaklattak ak\u00e1r \u00fczen\u0151falakon, mag\u00e1n\u00fczenetek form\u00e1j\u00e1ban, list\u00e1k \u00fatj\u00e1n, a szolg\u00e1ltat\u00e1son kereszt\u00fcl megjelen\u00edtett tartalmakkal vagy b\u00e1rmely m\u00e1s nyilv\u00e1nos fel\u00fcleten vagy m\u00f3don.<\/strong><br \/><strong>Tartalom<\/strong><br \/><strong>\u00d6n teljes m\u00e9rt\u00e9kben felel\u0151s az\u00e9rt a tartalom\u00e9rt, amit az focihirek blog szolg\u00e1ltat\u00e1s keretrendszer\u00e9n bel\u00fcl elhelyez vagy focihirek blog \u2013 szolg\u00e1ltat\u00e1s fel\u00fclet\u00e9n megjelen\u00edt, ide\u00e9rtve, de nem kiz\u00e1r\u00f3lagosan a f\u00e9nyk\u00e9peket, szem\u00e9lyes adatokat, besz\u00e9lget\u00e9seket, list\u00e1kat, oszt\u00e1lyoz\u00e1sokat, szem\u00e9lyes \u00fczeneteket, az focihirek blog -szolg\u00e1ltat\u00e1son kereszt\u00fcl .<\/strong><br \/><strong>Az focihirek blog automatikusan nem ellen\u0151rzi a felhaszn\u00e1l\u00f3k \u00e1ltal elhelyezett, megjelen\u00edtett, k\u00f6zz\u00e9tett tartalmakat. Az focihirek blog mint k\u00f6zvet\u00edt\u0151 szolg\u00e1ltat\u00f3 nem felel\u0151s a tov\u00e1bb\u00edtott inform\u00e1ci\u00f3\u00e9rt.<\/strong><br \/><strong>\u00d6n meg\u00e9rtette \u00e9s hozz\u00e1j\u00e1rul ahhoz, hogy focihirekblog minden \u00e9rtes\u00edt\u00e9s n\u00e9lk\u00fcl elt\u00e1vol\u00edtsa az olyan anyagokat, vagy anyagokra t\u00f6rt\u00e9n\u0151 hivatkoz\u00e1st (linket), amelyeket a kiz\u00e1r\u00f3lagos d\u00f6nt\u00e9si jogk\u00f6r\u00e9ben jogellenesnek, m\u00e1s szem\u00e9lyis\u00e9gi jog\u00e1ba \u00fctk\u00f6z\u0151, tisztess\u00e9gtelennek, fenyeget\u0151nek, becs\u00fclets\u00e9rt\u0151nek, r\u00e1galmaz\u00f3nak, obszc\u00e9nnek vagy egy\u00e9bk\u00e9nt kifog\u00e1solhat\u00f3nak tal\u00e1l.<\/strong><br \/><strong>\u00d6n meg\u00e9rtette \u00e9s hozz\u00e1j\u00e1rul ahhoz, hogy az focihirek blog minden \u00e9rtes\u00edt\u00e9s n\u00e9lk\u00fcl elt\u00e1vol\u00edtsa az olyan anyagokat vagy anyagokra t\u00f6rt\u00e9n\u0151 hivatkoz\u00e1st (linket), melyek megs\u00e9rtik vagy megszegik b\u00e1rmely f\u00e9l szellemi alkot\u00e1shoz f\u0171z\u0151d\u0151 jog\u00e1t, szerz\u0151i \u00e9s szomsz\u00e9dos vagy egy\u00e9b tulajdonosi jog\u00e1t vagy a jelen felhaszn\u00e1l\u00e1si felt\u00e9telekben foglalt rendelkez\u00e9seket. Ezekben az esetekben az focihirek blog minden \u00e9rtes\u00edt\u00e9s n\u00e9lk\u00fcl t\u00f6r\u00f6lheti a felhaszn\u00e1l\u00f3t.<\/strong><br \/><strong>A jogellenes vagy jogosulatlan tev\u00e9kenys\u00e9gek magukba foglalj\u00e1k p\u00e9ld\u00e1ul \u2013 de nem kiz\u00e1r\u00f3lagosan \u2013 az al\u00e1bbiakat:<\/strong><br \/><strong>Az focihirek blog szolg\u00e1ltat\u00e1s b\u00e1rmely r\u00e9sz\u00e9nek m\u00f3dos\u00edt\u00e1sa, adapt\u00e1ci\u00f3ja vagy visszafejt\u00e9se;<\/strong><br \/><strong>B\u00e1rmely automatikus alkalmaz\u00e1s, keres\u0151robot, oldal keres\u0151 vagy visszafejt\u0151, illetve b\u00e1rmely m\u00e1s olyan alkalmaz\u00e1s haszn\u00e1lata, amellyel blog -szolg\u00e1ltat\u00e1s vagy annak b\u00e1rmely r\u00e9sze el\u00e9rhet\u0151, m\u00f3dos\u00edthat\u00f3 vagy indexelhet\u0151;<\/strong><br \/><strong>Az s focihirek blog sz\u00e1m\u00edt\u00e1stechnikai rendszer\u00e9be t\u00f6rt\u00e9n\u0151 jogosulatlan behatol\u00e1s vagy behatol\u00e1si k\u00eds\u00e9rlet (hacking);<\/strong><br \/><strong>M\u00e1s tagokr\u00f3l inform\u00e1ci\u00f3 gy\u0171jt\u00e9se jogosulatlan c\u00e9lokb\u00f3l (ide\u00e9rtve a felhaszn\u00e1l\u00f3neveket \u00e9s\/vagy e-mail c\u00edmeket);<\/strong><br \/><strong>Az focihirek blog weboldalai b\u00e1rmely r\u00e9sz\u00e9nek \u00fajraform\u00e1z\u00e1sa vagy szerkeszt\u00e9se;<\/strong><br \/><strong>Megszerzett anyagok publik\u00e1l\u00e1sa;<\/strong><br \/><strong>Felhaszn\u00e1l\u00f3i azonos\u00edt\u00f3k automatikus m\u00f3dszerekkel vagy csal\u00e1rd, illetve tisztess\u00e9gtelen fondorlattal t\u00f6rt\u00e9n\u0151 l\u00e9tes\u00edt\u00e9se;<\/strong><br \/><strong>Nemk\u00edv\u00e1natos elektronikus kommunik\u00e1ci\u00f3 l\u00e9tes\u00edt\u00e9se vagy tov\u00e1bb\u00edt\u00e1sa, mint a \u201espam\u201d, vagy m\u00e1s tagoknak k\u00fcld\u00f6tt l\u00e1nclevelek (hoax), vagy a t\u00f6bbi tagnak a szolg\u00e1ltat\u00e1s haszn\u00e1lata sor\u00e1n b\u00e1rmely egy\u00e9b m\u00f3don t\u00f6rt\u00e9n\u0151 zavar\u00e1sa, ide\u00e9rtve az adatlapon elhelyezett \u00e9s m\u00e1sok jogait s\u00e9rt\u0151 f\u00e9nyk\u00e9peket, az apr\u00f3ban vagy a f\u00f3rumban, az oda nem ill\u0151 zavar\u00f3, agressz\u00edv vagy t\u00e9m\u00e1n k\u00edv\u00fcli (\u201eofftopic\u201d) hozz\u00e1sz\u00f3l\u00e1sokat, hirdet\u00e9seket, illetve azokat az ism\u00e9telt hozz\u00e1sz\u00f3l\u00e1sokat \u00e9s hirdet\u00e9seket, amelyeket t\u00f6bb topikban, apr\u00f3 t\u00e9mak\u00f6rben vagy ak\u00e1r az \u00fczen\u0151falon azonos tartalommal, r\u00f6vid id\u0151n bel\u00fcl \u201eflood\u201d-szer\u0171en sz\u00f3rnak sz\u00e9t. Ezek \u2013 egy bejegyz\u00e9s meghagy\u00e1sa mellett \u2013 t\u00f6rl\u00e9sre ker\u00fclnek. Sz\u00e1nd\u00e9kos floodnak sz\u00e1m\u00edt, ha valaki az adott hozz\u00e1sz\u00f3l\u00e1st vagy hirdet\u00e9st egy vagy t\u00f6bb topicban, apr\u00f3 t\u00e9mak\u00f6rben, t\u00f6bb alkalommal helyez el.<\/strong><\/p>\n<p><strong>B\u00e1rmely harmadik szem\u00e9ly anyagainak rendelkez\u00e9sre bocs\u00e1t\u00e1sa a harmadik szem\u00e9ly hozz\u00e1j\u00e1rul\u00e1sa n\u00e9lk\u00fcl;<\/strong><br \/><strong>Olyan anyagok rendelkez\u00e9sre bocs\u00e1t\u00e1sa, amelyek f\u00e9lrevezet\u0151 m\u00f3don azt a k\u00e9pzetet keltik, hogy azokat az focihirek blog hivatalosan t\u00e1mogatja vagy hagyta j\u00f3v\u00e1;<\/strong><br \/><strong>Olyan anyagok rendelkez\u00e9sre bocs\u00e1t\u00e1sa, amelyek megs\u00e9rtik, vissza\u00e9lnek vagy megszegik b\u00e1rmely m\u00e1s f\u00e9l szellemi alkot\u00e1shoz, nyilv\u00e1noss\u00e1ghoz, mag\u00e1n\u00e9lethez f\u0171z\u0151d\u0151 vagy egy\u00e9b m\u00e1s tulajdonosi jog\u00e1t;<\/strong><br \/><strong>V\u00edrusok, f\u00e9rgek, hib\u00e1k, tr\u00f3jai falovak vagy b\u00e1rmely m\u00e1s destrukt\u00edv elemek k\u00f6zz\u00e9t\u00e9tele vagy tov\u00e1bb\u00edt\u00e1sa;<\/strong><br \/><strong>Olyan anyagok rendelkez\u00e9sre bocs\u00e1t\u00e1sa, amelyek jogellenesek vagy jogellenes tev\u00e9kenys\u00e9gre buzd\u00edtanak, esetleg azt hirdetik;<\/strong><br \/><strong>Hamis vagy f\u00e9lrevezet\u0151 inform\u00e1ci\u00f3rendelkez\u00e9sre bocs\u00e1t\u00e1sa.<\/strong><br \/><strong>A \u201eMegoszt\u00e1s \u201d funkci\u00f3ra vonatkoz\u00f3 speci\u00e1lis szab\u00e1lyok<\/strong><br \/><strong>A \u201eMegoszt\u00e1s \u201d gomb kihelyez\u00e9s\u00e9vel \u00e9s\/vagy haszn\u00e1lat\u00e1val \u00d6n az focihirek BLOG sz\u00e1m\u00e1ra jogot biztos\u00edt a \u201eMegoszt\u00e1s \u201d gomb \u00e1ltal linkelt tartalom megjelen\u00edt\u00e9s\u00e9hez, funkci\u00f3n kereszt\u00fcl kiz\u00e1r\u00f3lag a jelen Felhaszn\u00e1l\u00e1si Felt\u00e9teleknek marad\u00e9ktalanul megfelel\u0151 tartalmak linkel\u00e9s\u00e9hez j\u00e1rul hozz\u00e1<\/strong><br \/><strong>E-mail c\u00edm megv\u00e1ltoztat\u00e1sa, profil t\u00f6rl\u00e9se<\/strong><br \/><strong>Az e-mail c\u00edm \u00e1t\u00edr\u00e1s\u00e1hoz vagy profil t\u00f6rl\u00e9s\u00e9hez az focihirek blog azonos\u00edt\u00e1s c\u00e9lj\u00e1b\u00f3l jogosult a felhaszn\u00e1l\u00f3t\u00f3l szem\u00e9lyes azonos\u00edt\u00e1sra alkalmas igazolv\u00e1nyt, illetve e-mail c\u00edmet k\u00e9rni, \u00edgy az focihirek blog k\u00e9rheti, hogy a felhaszn\u00e1l\u00f3 a regisztr\u00e1ci\u00f3 sor\u00e1n megadott e-mail c\u00edmr\u0151l k\u00e9rje az adatm\u00f3dos\u00edt\u00e1st vagy azt, hogy k\u00fcldje el az focihirek blog r\u00e9sz\u00e9re egy az azonos\u00edt\u00e1sra alkalmas f\u00e9nyk\u00e9pes igazolv\u00e1ny\u00e1t vagy szem\u00e9lyazonoss\u00e1g\u00e1t egy\u00e9b, az focihirek blog \u00e1ltal elfogadott m\u00f3don bizony\u00edtsa<\/strong><br \/><strong>Elhunyt szem\u00e9lyek regisztr\u00e1ci\u00f3i<\/strong><br \/><strong>Elhunyt szem\u00e9lyek adatlapj\u00e1nak t\u00f6r\u00f6ltet\u00e9se \u00fcgy\u00e9ben egy k\u00f6zeli hozz\u00e1tartoz\u00f3 vagy hivatalos k\u00e9pviselet j\u00e1rhat el a sz\u00fcks\u00e9ges dokumentumok bemutat\u00e1s\u00e1val. Tov\u00e1bbi inform\u00e1ci\u00f3\u00e9rt vegye fel vel\u00fcnk a kapcsolatot a hu c\u00edmen.<\/strong><br \/><strong>Szavatoss\u00e1g kiz\u00e1r\u00e1sa<\/strong><br \/><strong>Az focihirek blog \u00e9s annak tulajdonosa, t\u00e1rsv\u00e1llalatai, haszn\u00e1latba ad\u00f3i, partnerei, besz\u00e1ll\u00edt\u00f3i, tan\u00e1csad\u00f3i \u00e9s \u00fcgyn\u00f6kei kiz\u00e1rnak b\u00e1rmely \u00e9s minden felel\u0151ss\u00e9get az MINDENEGYBEN BLOG szolg\u00e1ltat\u00e1son elhelyezett inform\u00e1ci\u00f3k vagy anyagok hiteless\u00e9g\u00e9\u00e9rt, tartalm\u00e1\u00e9rt, teljess\u00e9g\u00e9\u00e9rt, jogszer\u0171s\u00e9g\u00e9\u00e9rt, megb\u00edzhat\u00f3s\u00e1g\u00e1\u00e9rt, m\u0171k\u00f6d\u0151k\u00e9pess\u00e9g\u00e9\u00e9rt vagy rendelkez\u00e9sre \u00e1ll\u00e1s\u00e1\u00e9rt. Az focihirek BLOG kiz\u00e1r b\u00e1rmely \u00e9s minden felel\u0151ss\u00e9get az egyes tagok \u00e9s fejleszt\u0151k \u00e1ltal tan\u00fas\u00edtott magatart\u00e1s\u00e9rt k\u00fcl\u00f6n\u00f6sen az egyes alkalmaz\u00e1sokon kereszt\u00fcl vagy \u00e1ltal tan\u00fas\u00edtott magatart\u00e1sok\u00e9rt.<\/strong><\/p>\n<p><strong>Az focihirek BLOG -szolg\u00e1ltat\u00e1s keretrendszer\u00e9ben vagy az azon kereszt\u00fcl el\u00e9rhet\u0151 \u00e9s\/vagy megjelen\u00edtett szolg\u00e1ltat\u00e1sok, term\u00e9kek, funkci\u00f3k \u00e9s minden anyag, inform\u00e1ci\u00f3 minden szavatoss\u00e1g n\u00e9lk\u00fcl, \u201eahogy vannak\u201d, \u00fagy bocs\u00e1ttatnak rendelkez\u00e9sre.<\/strong><br \/><strong>\u00d6n beleegyezik abba, hogy az focihirek BLOG -szolg\u00e1ltat\u00e1st \u00e9s az focihirek BLOG -szolg\u00e1ltat\u00e1s keretrendszer\u00e9n bel\u00fcl megjelen\u00edtett alkalmaz\u00e1sokat kiz\u00e1r\u00f3lag a saj\u00e1t kock\u00e1zat\u00e1ra haszn\u00e1lja, \u00e9s elfogadja, hogy az focihirek nem v\u00e1llal felel\u0151ss\u00e9get a haszn\u00e1lat sor\u00e1n esetlegesen felmer\u00fcl\u0151 vagyoni vagy nem vagyoni k\u00e1rok\u00e9rt.<\/strong><br \/><strong>Felek a Szerz\u0151d\u00e9ssel kapcsolatosan felmer\u00fcl\u0151 vit\u00e1jukat els\u0151sorban b\u00e9k\u00e9s \u00faton, t\u00e1rgyal\u00e1sokkal k\u00edv\u00e1nj\u00e1k egym\u00e1ssal rendezni. Amennyiben a t\u00e1rgyal\u00e1sok kezdet\u00e9t k\u00f6vet\u0151 30 napon bel\u00fcl a Felek nem jutnak megegyez\u00e9sre, \u00fagy a Felek a Szerz\u0151d\u00e9ssel kapcsolatos jogvit\u00e1ra kijel\u00f6lt b\u00edr\u00f3s\u00e1g a Kom\u00e1rom-Esztergom Megyei B\u00edr\u00f3s\u00e1g.<\/strong><br \/><strong>A Felhaszn\u00e1l\u00f3 k\u00f6teles minden t\u0151le elv\u00e1rhat\u00f3t megtenni szem\u00e9lyes adatainak, k\u00fcl\u00f6n\u00f6sen a Szolg\u00e1ltat\u00f3 \u00e1ltal ny\u00fajtott szolg\u00e1ltat\u00e1sok ig\u00e9nybev\u00e9tel\u00e9hez sz\u00fcks\u00e9ges jelsz\u00f3 v\u00e9delm\u00e9nek az \u00e9rdek\u00e9ben. A Felhaszn\u00e1l\u00f3 felel\u0151ss\u00e9ggel tartozik minden olyan esem\u00e9ny\u00e9rt, tev\u00e9kenys\u00e9g\u00e9rt, mely bejelentkez\u00e9si azonos\u00edt\u00f3j\u00e1nak, illetve jelszav\u00e1nak felhaszn\u00e1l\u00e1s\u00e1val val\u00f3sult meg.<\/strong><br \/><strong>K\u00e1rtalan\u00edt\u00e1s, k\u00e1rt\u00e9r\u00edt\u00e9s<\/strong><br \/><strong>\u00d6n beleegyezik abba, hogy az focihirek \u2013 t k\u00e1rtalan\u00edtsa minden harmadik szem\u00e9ly r\u00e9sz\u00e9r\u0151l felmer\u00fcl\u0151 ig\u00e9nnyel szemben, amely az \u00d6n focihirek \u2013 szolg\u00e1ltat\u00e1s haszn\u00e1lat\u00e1val f\u00fcgg \u00f6ssze vagy abb\u00f3l ered, ide\u00e9rtve b\u00e1rmely term\u00e9szet\u0171 vagy fajt\u00e1j\u00fa k\u00f6vetel\u00e9st, k\u00f6lts\u00e9get, ami b\u00e1rmely ig\u00e9nyb\u0151l, hi\u00e1nyb\u00f3l, k\u00e1rb\u00f3l (t\u00e9nyleges \u00e9s k\u00f6vetkezm\u00e9nyes), perb\u0151l, \u00edt\u00e9letb\u0151l, peres elj\u00e1r\u00e1s k\u00f6lts\u00e9g\u00e9b\u0151l \u00e9s \u00fcgyv\u00e9di k\u00f6lts\u00e9gb\u0151l ered. Ezekben az esetekben az focihirek \u00edr\u00e1sban \u00e9rtes\u00edti \u00f6nt az ig\u00e9nyr\u0151l, perr\u0151l vagy elj\u00e1r\u00e1sr\u00f3l.<\/strong><br \/><strong>Nemzetk\u00f6zi haszn\u00e1lat<\/strong><br \/><strong>Az internet glob\u00e1lis term\u00e9szet\u00e9b\u0151l fakad\u00f3an \u00d6n hozz\u00e1j\u00e1rul ahhoz, hogy az interneten minden, a felhaszn\u00e1l\u00f3i magatart\u00e1sra \u00e9s elfogadhat\u00f3 tartalomra vonatkoz\u00f3 helyi szab\u00e1lyt betart. \u00d6n tudom\u00e1sul veszi azt, hogy minden szem\u00e9lyes adatot, inform\u00e1ci\u00f3t \u00e9s felhaszn\u00e1l\u00f3 \u00e1ltal l\u00e9trehozott tartalmat Magyarorsz\u00e1g ter\u00fclet\u00e9n, az Eur\u00f3pai Uni\u00f3ban kontroll\u00e1lnak, dolgoznak fel \u00e9s t\u00e1rolnak.<\/strong><br \/><strong>Az focihirek keretrendszer\u00e9ben vagy az azon kereszt\u00fcl el\u00e9rhet\u0151 \u00e9s\/vagy megjelen\u00edtett szolg\u00e1ltat\u00e1sok, term\u00e9kek, funkci\u00f3k \u00e9s minden anyag, inform\u00e1ci\u00f3 minden szavatoss\u00e1g n\u00e9lk\u00fcl, \u201eahogy vannak\u201d, \u00fagy bocs\u00e1ttatnak rendelkez\u00e9sre.<\/strong><\/p>\n","protected":false},"excerpt":{"rendered":"<p>A szolg\u00e1ltat\u00e1sA szolg\u00e1ltat\u00e1s jelenti https:\/\/focihirek.hu\/autok (a tov\u00e1bbiakban Honlap) alatt el\u00e9rhet\u0151 k\u00f6z\u00f6ss\u00e9gi keretrendszert bele\u00e9rtve annak \u00f6sszes szolg\u00e1ltat\u00e1s\u00e1t \u00e9s funkci\u00f3j\u00e1t, tov\u00e1bb\u00e1 a&#8230; <span class=\"gridview-grid-post-read-more\"><a href=\"https:\/\/focihirek.hu\/autok\/adatkezelesi-tajekoztato\/\">read more<span class=\"gridview-sr-only\"> Adatkezel\u00e9si t\u00e1j\u00e9koztat\u00f3<\/span><\/a><\/span><\/p>\n","protected":false},"author":1,"featured_media":0,"parent":0,"menu_order":0,"comment_status":"closed","ping_status":"open","template":"","meta":{"footnotes":""},"class_list":["post-3","page","type-page","status-publish","hentry"],"_links":{"self":[{"href":"https:\/\/focihirek.hu\/autok\/wp-json\/wp\/v2\/pages\/3","targetHints":{"allow":["GET"]}}],"collection":[{"href":"https:\/\/focihirek.hu\/autok\/wp-json\/wp\/v2\/pages"}],"about":[{"href":"https:\/\/focihirek.hu\/autok\/wp-json\/wp\/v2\/types\/page"}],"author":[{"embeddable":true,"href":"https:\/\/focihirek.hu\/autok\/wp-json\/wp\/v2\/users\/1"}],"replies":[{"embeddable":true,"href":"https:\/\/focihirek.hu\/autok\/wp-json\/wp\/v2\/comments?post=3"}],"version-history":[{"count":1,"href":"https:\/\/focihirek.hu\/autok\/wp-json\/wp\/v2\/pages\/3\/revisions"}],"predecessor-version":[{"id":59,"href":"https:\/\/focihirek.hu\/autok\/wp-json\/wp\/v2\/pages\/3\/revisions\/59"}],"wp:attachment":[{"href":"https:\/\/focihirek.hu\/autok\/wp-json\/wp\/v2\/media?parent=3"}],"curies":[{"name":"wp","href":"https:\/\/api.w.org\/{rel}","templated":true}]}}